*i - 2. Let z be f(-3). Let p be h(z). What is the units digit of (0 + p)*2 + 0?
2
Let k be (-4 + 4)/(0 - -1). Let j(s) = -s**3 + s**2 - 2*s + 11. What is the tens digit of j(k)?
1
Let s(m) = m**2 + 7*m. Let o be s(-7). Suppose 6*k - 3*k + 30 = o. Let r(f) = -f - 6. What is the units digit of r(k)?
4
Suppose -2*p = p - 5*n + 68, -67 = 2*p + n. Let l = -43 - p. What is the units digit of (-3)/(-12) + (-45)/l?
4
Suppose -d = 2*a + 63, 42 - 169 = 4*a + 3*d. Let q = a + 11. What is the units digit of (-2)/5 + (-48)/q?
2
Suppose 2*x + x = -51. Let i = x + 32. What is the tens digit of i?
1
Let k be 119*1/((-3)/(-3)). Suppose -3*g = -4*t + 29 - k, 4*t = 5*g - 142. What is the units digit of g?
6
Let r be (-1)/(-3) - (-1)/(-3). Suppose r*z = -4*z - 4*o + 20, 10 = 4*z + 2*o. Suppose z*i = -i + 9. What is the units digit of i?
9
What is the tens digit of ((-8)/(-2) - -7)*2?
2
Let u = -2 + 4. Suppose -5*c = -u*c. Suppose c = 2*b - 3 + 1. What is the units digit of b?
1
Suppose -6*w + w = -520. Suppose 4*d - w - 20 = 0. What is the units digit of d?
1
Let x = -3 - -6. Suppose 2*k + 2*n = 7*n - 21, -3*k = x*n. What is the units digit of k - -1 - (-14)/2?
5
Suppose s + 17 = 2*s. What is the units digit of s?
7
Suppose 8*r - 27 = 7*r. What is the units digit of r?
7
Suppose 2*i - 5*g + 7 = -35, 3*g = 2*i + 38. Let f = 1 - i. What is the tens digit of f?
1
Let b be (-14)/(-21) + 10/(-6). What is the units digit of 2*(b + 2) + 22?
4
Suppose 3*g = -a + 15, -4*a = a + g - 103. Let k = 38 - a. What is the tens digit of k?
1
Suppose 0 = 3*u - 0*u - 45. Suppose -3*i = -a - a - u, -12 = i + 5*a. Suppose -16 = -4*m + i*p + 3, 12 = 4*p. What is the units digit of m?
7
Suppose 2*o + 3*o - 205 = 0. Suppose 5*i - 5*g + 29 + o = 0, 5*i + g = -40. Let c = 15 + i. What is the units digit of c?
6
Suppose -24 = -5*x + 31. What is the tens digit of x?
1
Let p(d) = -d**3 - 2*d**2 - d - 3. Suppose 0 = -v - 7*g + 3*g - 23, -5*v = -2*g + 5. Let z be p(v). Let q(j) = j - 5. What is the units digit of q(z)?
4
What is the units digit of 44/6*3*2?
4
Let k(w) = -5*w - 8. Let a(g) = 6*g + 9. Let s(b) = 3*a(b) + 4*k(b). Let t be s(-4). Suppose -c + 33 = t*z - 5, 50 = 4*z + c. What is the tens digit of z?
1
Let a(f) = -4*f - 9. Let t be a(-6). Suppose 4*q - 9*q - 10 = 0. What is the units digit of (-2)/((-6)/t) + q?
3
Suppose -k = 4*k + 50. Let a(w) = -w**3 - 10*w**2 - 2*w + 3. What is the units digit of a(k)?
3
Suppose -u = -3*x + 157, -5*x + u + u = -262. Suppose 5*h = h + x. What is the tens digit of h?
1
Suppose 3*d = -4 + 40. Let h = 21 - d. Suppose 0 = 5*p + 4*k - 50, -31 = -p - h*k + 4*k. What is the units digit of p?
6
Suppose 226 = 3*v - 272. What is the tens digit of v?
6
Suppose 2*b - 3*b - 24 = 0. What is the tens digit of ((-468)/b)/(1/2)?
3
Let r(q) = 2*q - 3. Let j be r(2). Suppose -2*a + a = -j. What is the units digit of a?
1
Suppose 12*x = 15*x - 438. What is the hundreds digit of x?
1
Let r be (-29)/2 - (-3)/6. Let h be (-80)/r - (-10)/35. Suppose 0 = -2*w - 3*x + 4, w - h*w = 5*x - 15. What is the units digit of w?
5
Let k(s) = s**3 + 15*s**2 - 2*s + 2. What is the tens digit of k(-15)?
3
Let l(t) = 6*t**2 - 4*t - 9. What is the tens digit of l(-3)?
5
Let i(g) = g**3 - 6*g**2 + 7*g - 7. Let q be 5*(1 + 1)/2. Let a be i(q). Suppose a = l - 4. What is the units digit of l?
7
Let b be (-2)/6 - (-1)/3. Let v(i) = i**2 + i. Let y be v(b). Suppose 16 = 2*g - y*g. What is the units digit of g?
8
Suppose -y - 24 = -5*y - 4*u, -5*y - 4*u + 27 = 0. Let f = 1 - -1. Suppose 0*h = f*z + 5*h - 28, y*z + 2*h - 20 = 0. What is the units digit of z?
4
Suppose -2*x = 3*f + 47, -3*x + 4*f - 2*f = 64. Let c = -15 - x. What is the units digit of c?
7
Suppose -16 = -4*r + 8. Let j(u) = 10*u - 2*u + 2 - r*u. What is the tens digit of j(5)?
1
What is the units digit of (-2)/8*(-4 + 0)?
1
Let i(n) = 60*n**2 + 2. What is the units digit of i(1)?
2
Let k(s) = s**2 + 6*s + 2. Let f be k(-6). Suppose 4*m = -3*c + 40, 0*c - f*m = 3*c - 32. What is the units digit of c?
8
Let q(m) = -m**3 - 10*m**2 + 12*m + 16. Let j be q(-11). Suppose 7 = -2*l - n - 13, 0 = l + j*n + 28. Let h = l - -9. What is the units digit of h?
1
Let k = -31 + 13. Suppose c = -4*y - y - 18, -y + 2 = 3*c. Let o = y - k. What is the tens digit of o?
1
Suppose -5*x = 4*c - 901, -2*x = -6*c + 3*c + 647. What is the tens digit of c?
1
Let a = 19 + 14. What is the units digit of a?
3
Suppose -26 - 2 = 4*a. Let t(f) = -f**3 - 8*f**2 - 9*f + 4. What is the tens digit of t(a)?
1
Let m = -7 + 1. Let b = 11 + m. Suppose -b*g = 6 - 26. What is the units digit of g?
4
Suppose d + 0*d = 32. Suppose -3*i + d = -i. What is the units digit of i?
6
Let q be (16/10)/(12/30). Suppose -2*v - 4 = -n, -4*n - q*v = -n + 28. Let y = n + 13. What is the units digit of y?
9
Let z be 3/(-15) - 87/15. What is the units digit of 9 - z/(-4)*2?
6
Suppose -2*r + r = -8. Let i = 7 + -4. Suppose -l + r = i*l. What is the units digit of l?
2
Suppose 5*f - 4*f - 7 = 0. What is the units digit of 23*1 - (f - 9)?
5
Let q be (-9)/(-5) - (-4)/20. Suppose -q*g + 13 = -19. What is the units digit of g?
6
Let c be (-2)/3 - (-16)/6. Suppose c*v - 143 - 77 = 0. Suppose 5*f = -30 + v. What is the tens digit of f?
1
What is the hundreds digit of ((1 + 2)*-31)/((-10)/20)?
1
Suppose -2*w - 34 + 138 = 0. What is the tens digit of w?
5
Let j = -6 + 10. Let p = -6 + j. What is the units digit of (p/(-4))/(1/16)?
8
Suppose -1203 = -12*g + 405. What is the tens digit of g?
3
Let b(d) = 18*d**3 + d + 1. Let c be b(-1). Let a = 26 + c. What is the units digit of a?
8
Suppose -5*y + 7 = -3. Suppose 3*l + x + 0*x = 2, y*x = -8. Suppose v = l*v - 2. What is the units digit of v?
2
What is the units digit of (-1 - -47) + (-9 - -11)?
8
Let o(b) = 12*b**2 + b + 3. What is the units digit of o(-2)?
9
Suppose 3*a - a - 8 = 0, 5*i + 3*a = 447. What is the tens digit of i?
8
Let d(b) = -b**3 + 11*b**2 - 9*b + 4. Let h be d(12). What is the tens digit of (h/(-32))/(2/8)?
3
Let d = 593 - 322. What is the hundreds digit of d?
2
Let b(d) = -28*d - 6. What is the units digit of b(-1)?
2
Let p(u) = -2*u + 9. Let w(f) = -2*f + 10. Let x(v) = 7*p(v) - 6*w(v). What is the units digit of x(-6)?
5
What is the units digit of 12 + (-3)/1*(-9)/(-27)?
1
Let p = 6 - 1. Suppose 71 = p*n + 4*y, -5*n + 2*y = -y - 78. What is the tens digit of n?
1
What is the units digit of (243/(-18))/(3/(-4))?
8
Let n(j) = j**3 - 7*j**2 + 5*j + 4. Let x be n(4). Let q = x + 34. What is the units digit of (16/10)/(2/q)?
8
What is the tens digit of ((-8)/(-10))/((-8)/(-280))?
2
Let m be ((-46)/4)/((-1)/6). Suppose 4*h + 9 - m = 0. What is the tens digit of h?
1
Let s = 126 - 65. What is the tens digit of s?
6
Let n(s) = -s + 2. Let j be n(2). Suppose j = -2*b + 38 - 2. Suppose 3*d + 3 = b. What is the units digit of d?
5
Let r = -192 - -335. What is the tens digit of r?
4
Let s = -2 + -9. Let t = s - -15. What is the units digit of t?
4
Suppose 5*c - 145 = -5*l, 6*l - 2*c - 124 = l. What is the units digit of l?
6
Let f(z) = -z**2 + 5*z + 29. What is the units digit of f(8)?
5
Suppose -2*h + 0*h = -144. What is the units digit of h?
2
What is the units digit of 14 + 3*(-12)/9?
0
Let r be -1*(-2 - 0) - 0. Suppose 2*f - 4 = -4*n + r, 4*f = 4. What is the units digit of n?
1
Let j be -1 + (-2)/((-4)/122). Suppose -61 - 29 = -6*h. Suppose -j = -5*g + h. What is the units digit of g?
5
Let m(x) = x**2 + 3*x. Let v be m(-3). Suppose -4*b = -16, v = -4*c + 5*b - 2 - 18. Suppose c = 6*w - w - 15. What is the units digit of w?
3
What is the tens digit of (-104)/(-4) + (1 - -3)?
3
Let a = -4 + -3. Let m(k) = -25*k**2 - 5*k + 9. Let v(d) = -12*d**2 - 2*d + 4. Let s(y) = a*v(y) + 3*m(y). What is the units digit of s(-1)?
9
Let i(z) = -2*z - 2. Let y(p) = -2*p**2 + 4*p - 3. Let f be y(2). What is the units digit of i(f)?
4
Suppose -m = -15 - 10. What is the tens digit of m?
2
Let t be 3/(-6)*(-24)/2. Suppose -73 = t*m - 283. What is the tens digit of m?
3
Suppose 0 = -4*p - 2*u + 14, p + 4*u - 7 = -0*u. Suppose -2*c - p*c + 10 = 0. Suppose c*j - 44 = -2*j. What is the units digit of j?
1
Suppose 0*t - t + 63 = 4*l, 3*l = 2*t + 61. Suppose -4*n = -5*n + l. What is the tens digit of n?
1
Let v be (-1)/(0 - 3/6). Suppose -58 = -2*h - v. 